{"id":444,"date":"2026-02-24T11:54:34","date_gmt":"2026-02-24T10:54:34","guid":{"rendered":"https:\/\/citoya.fr\/?page_id=444"},"modified":"2026-02-25T12:05:06","modified_gmt":"2026-02-25T11:05:06","slug":"actualites","status":"publish","type":"page","link":"https:\/\/citoya.fr\/index.php\/actualites\/","title":{"rendered":"Actualit\u00e9s"},"content":{"rendered":"\n<!-- BLOC 1 \u2013 HERO ACTUALIT\u00c9 -->\n<div style=\"width:100vw; margin-left:calc(50% - 50vw); font-family:'Gilroy','Helvetica Neue',Arial,sans-serif;\">\n\n  <section style=\"\n    position:relative;\n    width:100%;\n    min-height:45vh;\n    background-image:url('http:\/\/citoya.fr\/wp-content\/uploads\/2026\/02\/attractive-man-reading-newspaper-near-old-style-building2.jpg');\n    background-size:cover;\n    background-position:center center;\n    background-repeat:no-repeat;\n    display:flex;\n    align-items:center;\n    justify-content:center;\n    text-align:center;\n    color:#FFFFFF;\n    overflow:hidden;\n  \">\n  \n    <!-- D\u00e9grad\u00e9 de superposition -->\n    <div style=\"\n      position:absolute;\n      inset:0;\n      background:linear-gradient(to bottom right,rgba(0,87,184,0.65),rgba(225,6,0,0.65));\n      z-index:1;\n    \"><\/div>\n\n    <!-- Contenu -->\n    <div style=\"position:relative; z-index:2; max-width:800px; padding:0 2rem;\">\n      <h1 style=\"font-size:clamp(2rem,5vw,2.6rem); margin:0;\">\n        Actualit\u00e9 CITOYA\n      <\/h1>\n    <\/div>\n\n  <\/section>\n<\/div>\n\n\n\n<div style=\"height:150px\" aria-hidden=\"true\" class=\"wp-block-spacer\"><\/div>\n\n\n<ul class=\"wp-block-latest-posts__list is-grid columns-3 has-dates wp-block-latest-posts\"><li><div class=\"wp-block-latest-posts__featured-image\"><img loading=\"lazy\" decoding=\"async\" width=\"150\" height=\"150\" src=\"https:\/\/citoya.fr\/wp-content\/uploads\/2026\/02\/happy-business-colleagues-partners-posing-pointing-camera-while-sitting-table-with-coffee-cups-documents-150x150.jpg\" class=\"attachment-thumbnail size-thumbnail wp-post-image\" alt=\"\" style=\"\" srcset=\"https:\/\/citoya.fr\/wp-content\/uploads\/2026\/02\/happy-business-colleagues-partners-posing-pointing-camera-while-sitting-table-with-coffee-cups-documents-150x150.jpg 150w, https:\/\/citoya.fr\/wp-content\/uploads\/2026\/02\/happy-business-colleagues-partners-posing-pointing-camera-while-sitting-table-with-coffee-cups-documents-75x75.jpg 75w\" sizes=\"auto, (max-width: 150px) 100vw, 150px\" \/><\/div><a class=\"wp-block-latest-posts__post-title\" href=\"https:\/\/citoya.fr\/index.php\/2026\/02\/25\/le-mouvement-citoya-est-lance\/\">Le mouvement CITOYA est lanc\u00e9 !<\/a><time datetime=\"2026-02-25T11:58:37+01:00\" class=\"wp-block-latest-posts__post-date\">25\/02\/2026<\/time><div class=\"wp-block-latest-posts__post-excerpt\">Lancement officiel et ouverture au public CITOYA est d\u00e9sormais accessible au public. Le mouvement d\u00e9marre officiellement avec une premi\u00e8re phase pilote et &#8230; <a title=\"Le mouvement CITOYA est lanc\u00e9 !\" class=\"read-more\" href=\"https:\/\/citoya.fr\/index.php\/2026\/02\/25\/le-mouvement-citoya-est-lance\/\" aria-label=\"En savoir plus sur Le mouvement CITOYA est lanc\u00e9 !\">Lire la suite<\/a><\/div><\/li>\n<\/ul>\n\n\n<div class=\"wp-block-columns is-layout-flex wp-container-core-columns-is-layout-9d6595d7 wp-block-columns-is-layout-flex\">\n<div class=\"wp-block-column is-layout-flow wp-block-column-is-layout-flow\"><\/div>\n\n\n\n<div class=\"wp-block-column is-layout-flow wp-block-column-is-layout-flow\"><\/div>\n<\/div>\n\n\n\n<p><\/p>\n","protected":false},"excerpt":{"rendered":"<p>Actualit\u00e9 CITOYA<\/p>\n","protected":false},"author":1,"featured_media":0,"parent":0,"menu_order":0,"comment_status":"closed","ping_status":"closed","template":"","meta":{"footnotes":""},"class_list":["post-444","page","type-page","status-publish"],"jetpack_sharing_enabled":true,"jetpack-related-posts":[{"id":73,"url":"https:\/\/citoya.fr\/index.php\/je-rejoins-citoya\/","url_meta":{"origin":444,"position":0},"title":"Je rejoins le mouvement CITOYA","author":"Damien R","date":"21\/10\/2025","format":false,"excerpt":"Rejoignez la force citoyenne Ensemble, redonnons du sens \u00e0 la d\u00e9mocratie. Participez \u00e0 un mouvement ind\u00e9pendant, libre et ouvert \u00e0 tous, pour construire une soci\u00e9t\u00e9 plus juste, plus locale et plus humaine.","rel":"","context":"Article similaire","block_context":{"text":"Article similaire","link":""},"img":{"alt_text":"","src":"","width":0,"height":0},"classes":[]},{"id":114,"url":"https:\/\/citoya.fr\/","url_meta":{"origin":444,"position":1},"title":"Accueil CITOYA","author":"Damien R","date":"31\/10\/2025","format":false,"excerpt":"\u00catre citoyen, aujourd\u2019hui. Citoyen, nom masculin Personne consid\u00e9r\u00e9e comme membre d\u2019un \u00c9tat, jouissant des droits civiques et participant, par son engagement, \u00e0 la vie de la soci\u00e9t\u00e9. \u00catre citoyen, aujourd\u2019hui, ne se limite pas \u00e0 un statut administratif. C\u2019est prendre part, \u00e0 son \u00e9chelle, \u00e0 la vie de son territoire.\u2026","rel":"","context":"Article similaire","block_context":{"text":"Article similaire","link":""},"img":{"alt_text":"","src":"","width":0,"height":0},"classes":[]},{"id":292,"url":"https:\/\/citoya.fr\/index.php\/citoya-pilote-c\/","url_meta":{"origin":444,"position":2},"title":"Projet Pilote CITOYA","author":"Damien R","date":"05\/11\/2025","format":false,"excerpt":"Participez \u00e0 la Phase Pilote de CITOYA Le mouvement prend forme ! Rejoignez la communaut\u00e9 des citoyens qui s\u2019unissent pour imaginer, d\u00e9battre et agir ensemble, partout en France. Je rejoins le mouvement Une phase fondatrice et collective La phase pilote marque le point de d\u00e9part de l\u2019aventure CITOYA. Elle rassemble\u2026","rel":"","context":"Article similaire","block_context":{"text":"Article similaire","link":""},"img":{"alt_text":"","src":"","width":0,"height":0},"classes":[]},{"id":206,"url":"https:\/\/citoya.fr\/index.php\/remerciement-pour-linscription\/","url_meta":{"origin":444,"position":3},"title":"Remerciement pour l&#8217;inscription","author":"Damien R","date":"01\/11\/2025","format":false,"excerpt":"Merci d\u2019avoir rejoint le mouvement CITOYA \ud83c\uddeb\ud83c\uddf7 Vous venez de poser un acte citoyen fort. Ensemble, nous faisons rena\u00eetre une d\u00e9mocratie vivante, locale et partag\u00e9e. \ud83d\udc49 Faites grandir le mouvement en le partageant autour de vous. \ud83d\udcac Partagez CITOYA autour de vous Un simple geste suffit pour rallier d\u2019autres citoyens.\u2026","rel":"","context":"Article similaire","block_context":{"text":"Article similaire","link":""},"img":{"alt_text":"","src":"","width":0,"height":0},"classes":[]},{"id":384,"url":"https:\/\/citoya.fr\/index.php\/infos-et-contact\/","url_meta":{"origin":444,"position":4},"title":"Infos et Contact","author":"Damien R","date":"07\/11\/2025","format":false,"excerpt":"Info & Contact Entrons en contact, partageons, diffusons l\u2019esprit citoyen. \ud83d\udce9 Contacter les administrateurs Vous pouvez utiliser le formulaire ci-dessous pour poser vos questions, proposer une id\u00e9e ou signaler un probl\u00e8me technique. L\u2019\u00e9quipe du mouvement vous r\u00e9pondra dans les plus brefs d\u00e9lais. \ud83c\udf10 Rejoignez & partagez CITOYA Suivez le mouvement\u2026","rel":"","context":"Article similaire","block_context":{"text":"Article similaire","link":""},"img":{"alt_text":"","src":"","width":0,"height":0},"classes":[]},{"id":263,"url":"https:\/\/citoya.fr\/index.php\/logout\/","url_meta":{"origin":444,"position":5},"title":"D\u00e9connexion","author":"Damien R","date":"04\/11\/2025","format":false,"excerpt":"","rel":"","context":"Article similaire","block_context":{"text":"Article similaire","link":""},"img":{"alt_text":"","src":"","width":0,"height":0},"classes":[]}],"_links":{"self":[{"href":"https:\/\/citoya.fr\/index.php\/wp-json\/wp\/v2\/pages\/444","targetHints":{"allow":["GET"]}}],"collection":[{"href":"https:\/\/citoya.fr\/index.php\/wp-json\/wp\/v2\/pages"}],"about":[{"href":"https:\/\/citoya.fr\/index.php\/wp-json\/wp\/v2\/types\/page"}],"author":[{"embeddable":true,"href":"https:\/\/citoya.fr\/index.php\/wp-json\/wp\/v2\/users\/1"}],"replies":[{"embeddable":true,"href":"https:\/\/citoya.fr\/index.php\/wp-json\/wp\/v2\/comments?post=444"}],"version-history":[{"count":6,"href":"https:\/\/citoya.fr\/index.php\/wp-json\/wp\/v2\/pages\/444\/revisions"}],"predecessor-version":[{"id":458,"href":"https:\/\/citoya.fr\/index.php\/wp-json\/wp\/v2\/pages\/444\/revisions\/458"}],"wp:attachment":[{"href":"https:\/\/citoya.fr\/index.php\/wp-json\/wp\/v2\/media?parent=444"}],"curies":[{"name":"wp","href":"https:\/\/api.w.org\/{rel}","templated":true}]}}